4909 a prime number?
True
Is 118861 composite?
False
Is 248135 prime?
False
Is 518509 composite?
False
Is 1503595 prime?
False
Is 10831 a composite number?
False
Is 5297 composite?
False
Is 58099 composite?
False
Is 5322209 a composite number?
True
Is 1898417 prime?
True
Is 1801 prime?
True
Is 44059 prime?
True
Is 341617 a composite number?
False
Is 5389 a prime number?
False
Is 17519 a prime number?
True
Is 69313 prime?
True
Is 171221 a composite number?
True
Is 15971 prime?
True
Is 381047 composite?
False
Is 148817 a composite number?
False
Is 618923 composite?
True
Is 275347 composite?
True
Is 118693 a prime number?
False
Is 6629 a composite number?
True
Is 55849 prime?
True
Is 52519 composite?
True
Is 11113 a composite number?
False
Is 14143 a prime number?
True
Is 3593 composite?
False
Is 730993 composite?
False
Is 772757 a prime number?
True
Is 1619479 composite?
True
Is 1477 a composite number?
True
Is 55433 prime?
False
Is 16481 prime?
True
Is 54203 a prime number?
False
Is 32987 prime?
True
Is 338953 a prime number?
False
Is 36247 composite?
True
Is 88607 composite?
False
Is 17455 composite?
True
Is 687551 composite?
False
Is 1626941 a prime number?
False
Is 4831 a prime number?
True
Is 745 a prime number?
False
Is 235723 composite?
False
Is 95401 prime?
True
Is 19697 prime?
True
Is 204821 a prime number?
True
Is 87409 composite?
True
Is 14453 prime?
False
Is 1006 a composite number?
True
Is 6001 a prime number?
False
Is 9865 a prime number?
False
Is 1111 prime?
False
Is 550361 prime?
False
Is 39583 a composite number?
True
Is 16963 prime?
True
Is 73243 composite?
False
Is 12037 composite?
False
Is 4703 composite?
False
Is 2145547 a prime number?
True
Is 2413 composite?
True
Is 2063 composite?
False
Is 458665 prime?
False
Is 984747 a composite number?
True
Is 37939 prime?
False
Is 422 composite?
True
Is 28151 prime?
True
Is 15971 composite?
False
Is 468577 a composite number?
False
Is 65753 a prime number?
False
Is 628477 prime?
True
Is 1090077 composite?
True
Is 1709 a composite number?
False
Is 6343 prime?
True
Is 673241 prime?
True
Is 78473 a prime number?
False
Is 494639 composite?
False
Is 29383 a prime number?
True
Is 174095 composite?
True
Is 1163 composite?
False
Is 402289 a prime number?
False
Is 60793 a prime number?
True
Is 386467 a composite number?
True
Is 144379 prime?
True
Is 1277 a composite number?
False
Is 38765 a composite number?
True
Is 13261 a composite number?
True
Is 13384433 composite?
False
Is 443117 composite?
False
Is 26491 prime?
False
Is 202577 a composite number?
False
Is 11283 prime?
False
Is 23477 prime?
False
Is 2402683 a prime number?
False
Is 8735 a prime number?
False
Is 115891 composite?
False
Is 12895 a prime number?
False
Is 2330617 a composite number?
False
Is 9149 a prime number?
False
Is 1093513 composite?
True
Is 18119 a prime number?
True
Is 1137499 prime?
False
Is 2302067 a prime number?
True
Is 519557 a prime number?
False
Is 297931 a prime number?
True
Is 53693 composite?
False
Is 157513 composite?
False
Is 1242977 prime?
True
Is 33637 composite?
False
Is 38039 a composite number?
False
Is 286997 composite?
True
Is 9753 a composite number?
True
Is 29527 a prime number?
True
Is 152657 prime?
True
Is 16519 prime?
True
Is 1193149 a prime number?
True
Is 45943 composite?
False
Is 451159 a composite number?
False
Is 629921 a composite number?
False
Is 109799 prime?
False
Is 43753 a composite number?
False
Is 44761 a composite number?
True
Is 18087 a prime number?
False
Is 635057 prime?
True
Is 24281 composite?
False
Is 352799 a prime number?
False
Is 85411 prime?
True
Is 39781 prime?
False
Is 9233 a prime number?
False
Is 6799 composite?
True
Is 637133 a composite number?
True
Is 2453 prime?
False
Is 14971 a composite number?
True
Is 210461 composite?
False
Is 3713 a composite number?
True
Is 238997 composite?
True
Is 184669 a composite number?
False
Is 8933 a composite number?
False
Is 49783 a composite number?
False
Is 7639 composite?
False
Is 1471069 composite?
False
Is 39265 composite?
True
Is 15593 prime?
False
Is 1823 composite?
False
Is 1574 a composite number?
True
Is 1379 a prime number?
False
Is 8491 a composite number?
True
Is 8057 composite?
True
Is 123419 prime?
True
Is 273503 composite?
False
Is 447053 a prime number?
True
Is 6521 composite?
False
Is 147607 a composite number?
False
Is 7835 composite?
True
Is 59693 composite?
False
Is 275627 a prime number?
False
Is 477209 prime?
True
Is 5981 prime?
True
Is 260629 composite?
False
Is 65771 a composite number?
True
Is 15937 composite?
False
Is 409 prime?
True
Is 10360435 prime?
False
Is 17547 a prime number?
False
Is 1657 prime?
True
Is 664701 prime?
False
Is 308489 a composite number?
False
Is 214945 a composite number?
True
Is 31481 composite?
False
Is 24391 composite?
False
Is 240551 a composite number?
False
Is 243299 a composite number?
True
Is 86511 prime?
False
Is 39073 composite?
True
Is 543539 composite?
False
Is 1201163 a composite number?
False
Is 300719 prime?
True
Is 331 prime?
True
Is 14923 a composite number?
False
Is 55873 prime?
False
Is 72109 composite?
False
Is 196759 a composite number?
True
Is 28641 a prime number?
False
Is 184277 a prime number?
False
Is 64151 a composite number?
False
Is 19529 a prime number?
False
Is 93047 a composite number?
False
Is 58043 composite?
False
Is 580513 prime?
True
Is 79109 composite?
True
Is 27239 a prime number?
True
Is 62539 a prime number?
True
Is 314807 a prime number?
True
Is 6347 a prime number?
False
Is 1709 a prime number?
True
Is 27407 a prime number?
True
Is 502889 composite?
True
Is 8051 composite?
True
Is 12655 a composite number?
True
Is 257 prime?
True
Is 4271 a prime number?
True
Is 23181 a prime number?
False
Is 254785 a prime number?
False
Is 1439 a composite number?
False
Is 29917 composite?
False
Is 59477 composite?
True
Is 1017083 composite?
True
Is 60943 a composite number?
False
Is 959495 a composite number?
True
Is 74797 a composite number?
False
Is 24439 prime?
True
Is 3793 a composite number?
False
Is 15421 a prime number?
False
Is 48947 prime?
True
Is 7423 a composite number?
True
Is 4791 prime?
False
Is 47777 a composite number?
False
Is 84389 a composite number?
False
Is 1693 a composite number?
False
Is 510031 a prime number?
True
Is 116269 a prime number?
True
Is 692771 a composite number?
False
Is 91901 a prime number?
False
Is 101615 a prime number?
False
Is 2225537 a prime number?
False
Is 13973 composite?
True
Is 81803 composite?
True
Is 17869 a composite number?
True
Is 4635805 a composite number?
True
Is 10219 composite?
True
Is 17957 a composite number?
False
Is 6803 prime?
True
Is 271749 a composite number?
True
Is 507289 a prime number?
True
Is 42551 prime?
False
Is 2028017 prime?
True
Is 54211 composite?
True
Is 587533 a composite number?
False
Is 1884193 a composite number?
False
Is 129041 a prime number?
False
Is 4969 prime?
True
Is 583759 composite?
True
Is 2357 a prime number?
True
Is 126677 a prime number?
False
Is 2040107 composite?
False
Is 86155 a prime number?
False
Is 14591 composite?
False
Is 1093159 a prime number?
True
Is 37871 a prime number?
True
Is 6469 composite?
False
Is 625169 composite?
False
Is 20053 a composite number?
True
Is 109783 prime?
False
Is 6673 a composite number?
False
Is 179485 a composite number?
True
Is 6757 a prime number?
False
Is 3571 composite?
False
Is 7819 a composite number?
True
Is 979 composite?
True
Is 8885 a prime number?
False
Is 1165933 prime?
True
Is 61813 a composite number?
False
Is 3155 a composite number?
True
Is 43655 composite?
True
Is 8939 prime?
False
Is 17998 a composite number?
True
Is 2503 composite?
False
Is 921 a prime number?
False
Is 11717 composite?
False
Is 192823 prime?
False
Is 1001113 a prime number?
False
Is 12889 a prime number?
True
Is 187843 a composite number?
False
Is 1438 composite?
True
Is 343639 composite?
False
Is 88577 a composite number?
True
Is 32647 prime?
True
Is 15854 a prime number?
False
Is 317201 a composite number?
True
Is 38719 a composite number?
True
Is 241901 a prime number?
False
Is 83602 a prime number?
False
Is 210761 a prime number?
True
Is 1956667 prime?
True
Is 5347 composite?
False
Is 1297311 composite?
True
Is 479719 prime?
False
